{"id":115,"date":"2011-06-22T11:46:41","date_gmt":"2011-06-22T11:46:41","guid":{"rendered":"http:\/\/www.demmelhuber-bochum.de\/?page_id=115"},"modified":"2011-08-23T11:34:32","modified_gmt":"2011-08-23T09:34:32","slug":"regenerative-energien","status":"publish","type":"page","link":"https:\/\/www.demmelhuber-bochum.de\/?page_id=115","title":{"rendered":"Regenerative Energien"},"content":{"rendered":"<p style=\"text-align: justify;\"><strong>W\u00e4rmepumpen sind die erste Wahl, wenn Sie Heizkostenersparnis und umweltschonende W\u00e4rmeerzeugung zusammenf\u00fchren m\u00f6chten.<\/strong><br \/>\nOb Erd-, Wasser- oder Luftw\u00e4rme: f\u00fcr jeden Einsatzbereich stehen mittlerweile erprobte und bew\u00e4hrte W\u00e4rmepumpe bereit.<br \/>\nSelbstverst\u00e4ndlich sind auch unsere W\u00e4rmepumpenkonzepte mit Solarenergie kompatibel und bilden so ein ganzheitliches regeneratives System mit maximal kostenloser aus der Umwelt bezogener W\u00e4rme f\u00fcr Ihr Haus.<\/p>\n<p style=\"text-align: justify;\">Abgestimmt auf die jeweiligen bauphysikalischen und energetischen Gegebenheiten Ihrer Immobilie ermitteln wir das f\u00fcr Sie passenden Konzept, helfen Ihnen bei den erforderlichen Antragstellungen und beraten Sie ausf\u00fchrlich \u00fcber die aktuellen F\u00f6rderm\u00f6glichkeiten.<\/p>\n<p style=\"text-align: justify;\"><strong>Energieeffizienz ist unverzichtbar bei der Zukunftsicherung.<\/strong><\/p>\n","protected":false},"excerpt":{"rendered":"<p>W\u00e4rmepumpen sind die erste Wahl, wenn Sie Heizkostenersparnis und umweltschonende W\u00e4rmeerzeugung zusammenf\u00fchren m\u00f6chten. Ob Erd-, Wasser- oder Luftw\u00e4rme: f\u00fcr jeden Einsatzbereich stehen mittlerweile erprobte und bew\u00e4hrte W\u00e4rmepumpe bereit. Selbstverst\u00e4ndlich sind auch unsere W\u00e4rmepumpenkonzepte mit Solarenergie kompatibel und bilden so ein ganzheitliches regeneratives System mit maximal kostenloser aus der Umwelt bezogener W\u00e4rme f\u00fcr Ihr Haus. Abgestimmt [&hellip;]<\/p>\n","protected":false},"author":1,"featured_media":235,"parent":0,"menu_order":0,"comment_status":"closed","ping_status":"closed","template":"","meta":{"ngg_post_thumbnail":0,"footnotes":""},"class_list":["post-115","page","type-page","status-publish","has-post-thumbnail","hentry"],"aioseo_notices":[],"_links":{"self":[{"href":"https:\/\/www.demmelhuber-bochum.de\/index.php?rest_route=\/wp\/v2\/pages\/115","targetHints":{"allow":["GET"]}}],"collection":[{"href":"https:\/\/www.demmelhuber-bochum.de\/index.php?rest_route=\/wp\/v2\/pages"}],"about":[{"href":"https:\/\/www.demmelhuber-bochum.de\/index.php?rest_route=\/wp\/v2\/types\/page"}],"author":[{"embeddable":true,"href":"https:\/\/www.demmelhuber-bochum.de\/index.php?rest_route=\/wp\/v2\/users\/1"}],"replies":[{"embeddable":true,"href":"https:\/\/www.demmelhuber-bochum.de\/index.php?rest_route=%2Fwp%2Fv2%2Fcomments&post=115"}],"version-history":[{"count":10,"href":"https:\/\/www.demmelhuber-bochum.de\/index.php?rest_route=\/wp\/v2\/pages\/115\/revisions"}],"predecessor-version":[{"id":364,"href":"https:\/\/www.demmelhuber-bochum.de\/index.php?rest_route=\/wp\/v2\/pages\/115\/revisions\/364"}],"wp:featuredmedia":[{"embeddable":true,"href":"https:\/\/www.demmelhuber-bochum.de\/index.php?rest_route=\/wp\/v2\/media\/235"}],"wp:attachment":[{"href":"https:\/\/www.demmelhuber-bochum.de\/index.php?rest_route=%2Fwp%2Fv2%2Fmedia&parent=115"}],"curies":[{"name":"wp","href":"https:\/\/api.w.org\/{rel}","templated":true}]}}